{"id":1500,"date":"2025-11-14T10:31:24","date_gmt":"2025-11-14T10:31:24","guid":{"rendered":"http:\/\/emb-solucoes.com\/teste\/?post_type=product&#038;p=1500"},"modified":"2025-12-07T22:27:04","modified_gmt":"2025-12-07T22:27:04","slug":"windows-7-pro","status":"publish","type":"product","link":"http:\/\/emb-solucoes.com\/teste\/produto\/windows-7-pro\/","title":{"rendered":"Windows 7 Pro"},"content":{"rendered":"<p>Uma solu\u00e7\u00e3o leve, est\u00e1vel e extremamente compat\u00edvel com hardware antigo. Ideal para empresas que usam sistemas legados e precisam de m\u00e1xima fluidez mesmo em computadores mais fracos.<\/p>\n","protected":false},"excerpt":{"rendered":"<p>Uma solu\u00e7\u00e3o leve, est\u00e1vel e extremamente compat\u00edvel com hardware antigo. Ideal para empresas que usam sistemas legados e precisam de<\/p>\n","protected":false},"featured_media":1501,"comment_status":"open","ping_status":"closed","template":"","meta":[],"product_brand":[],"product_cat":[21],"product_tag":[],"class_list":{"0":"post-1500","1":"product","2":"type-product","3":"status-publish","4":"has-post-thumbnail","6":"product_cat-licencas","8":"first","9":"instock","10":"taxable","11":"shipping-taxable","12":"purchasable","13":"product-type-simple"},"_links":{"self":[{"href":"http:\/\/emb-solucoes.com\/teste\/wp-json\/wp\/v2\/product\/1500","targetHints":{"allow":["GET"]}}],"collection":[{"href":"http:\/\/emb-solucoes.com\/teste\/wp-json\/wp\/v2\/product"}],"about":[{"href":"http:\/\/emb-solucoes.com\/teste\/wp-json\/wp\/v2\/types\/product"}],"replies":[{"embeddable":true,"href":"http:\/\/emb-solucoes.com\/teste\/wp-json\/wp\/v2\/comments?post=1500"}],"version-history":[{"count":1,"href":"http:\/\/emb-solucoes.com\/teste\/wp-json\/wp\/v2\/product\/1500\/revisions"}],"predecessor-version":[{"id":1506,"href":"http:\/\/emb-solucoes.com\/teste\/wp-json\/wp\/v2\/product\/1500\/revisions\/1506"}],"wp:featuredmedia":[{"embeddable":true,"href":"http:\/\/emb-solucoes.com\/teste\/wp-json\/wp\/v2\/media\/1501"}],"wp:attachment":[{"href":"http:\/\/emb-solucoes.com\/teste\/wp-json\/wp\/v2\/media?parent=1500"}],"wp:term":[{"taxonomy":"product_brand","embeddable":true,"href":"http:\/\/emb-solucoes.com\/teste\/wp-json\/wp\/v2\/product_brand?post=1500"},{"taxonomy":"product_cat","embeddable":true,"href":"http:\/\/emb-solucoes.com\/teste\/wp-json\/wp\/v2\/product_cat?post=1500"},{"taxonomy":"product_tag","embeddable":true,"href":"http:\/\/emb-solucoes.com\/teste\/wp-json\/wp\/v2\/product_tag?post=1500"}],"curies":[{"name":"wp","href":"https:\/\/api.w.org\/{rel}","templated":true}]}}